the value of -10 - (11 + 12 + -32)?
-1
Evaluate 32 - ((-9 - 11) + 40).
12
What is 2 + -8 + 3 + -10 + 14?
1
Calculate -6 + (-1 + 12 + -3 - (4 + 0)).
-2
(-1 - -8) + -40 + 41
8
What is the value of -3 + (-1 - 8 - -7 - 5)?
-10
Evaluate (-19 - -9) + -3 + 8.
-5
Calculate 17 + -1 + -162 + 152 - -3.
9
Evaluate 40 + (-3 - 8) + -10.
19
Calculate 12 - 60 - -4 - (-12 - 3).
-29
What is the value of -10 - (-3 + 4) - (-27 - -1)?
15
What is -11 + (2 - -2 - 0) - -5?
-2
1 + 2 + 3 + -6 - (2 + 1)
-3
What is (1 - (0 + 1 + (-58 - -52))) + -2?
4
Calculate -9 - (171 + -167 + (-1 - -3) + -43).
28
Evaluate -9 + (-7 + 10 - 7) + -1.
-14
Calculate -6217 - -6220 - (-2 - (20 - (3 + -1))).
23
8 + -1 + -19 + 98 + -53
33
What is -6 + (-3 - 2) + -13 + 10?
-14
What is (-7 - -2) + -23 + (-1 - -61)?
32
13 + (27 - (-11 - (2 - 21)))
32
What is the value of -4 - ((-3 - 1) + -2 + 6 + -8)?
4
Evaluate -44 + 34 + (-1 - -1) + 0 + -3.
-13
7 - (16 - 21 - -13)
-1
-2 - (6 - 21 - (36 - 35))
14
What is the value of 17 + (21 - (-7 + 5 - -20))?
20
(-3 - (-3 - -4)) + -3 + 4 + -6
-9
Evaluate (-11 - (-5 + 1 + -3)) + -20.
-24
Evaluate 68 - (128 - 67) - (1 + 1 + -1).
6
What is -12 - ((-16 - -5) + 3 - -10)?
-14
Evaluate 15 - (8 - 17 - -16) - (22 - 0).
-14
(-9 - 0 - -2) + 5 + 7 + -11
-6
-10 - (-5 + 4 - 10 - (5 - -3))
9
Evaluate (-7 - -33) + -14 + -5 + 3.
10
Calculate (27 - 27) + -8 - 2.
-10
Calculate (5 - 9) + -6 + 10.
0
What is 34 - (-7 + (-5 - -9) + 11)?
26
What is the value of -5 - (15 + -19) - (3 + -1)?
-3
What is the value of -41 - ((27 - 23) + -22)?
-23
(14 - (2 - -2)) + -1 - 12
-3
What is (-1 - 4) + 23 + -31?
-13
What is 4 - 0 - -10 - 9?
5
Evaluate (1 - 5) + (-43 - -1) + 60.
14
What is the value of -2 + (-7 - -31) + 3 + -1 + 1?
25
What is the value of 13 - 23 - (4 + -11 - -4)?
-7
What is the value of -5 - (3 - (-2 - -8)) - (4 - -5)?
-11
Evaluate -18 - (19 + -6 - 25).
-6
What is -33 - (-3 - (14 + (3 - 10)))?
-23
Calculate 17 + 10 + -16 + -5.
6
What is -7 - (-30 + -5) - (-4 + 1 + 2)?
29
What is the value of -6 + (1 - 1) - (-28 - (-2 - -16))?
36
Evaluate -8 - -24 - (4 + (-5 - -1)).
16
What is (-2 + 1 + -1 - -4) + 2 + -7?
-3
What is (8 + -32 - 11) + 14?
-21
Calculate -7 - (15 - 3 - (111 - 88)).
4
What is the value of (30 - 26) + (-16 - -39)?
27
Evaluate ((6 - 10) + -1 - 5) + 3 + -19.
-26
Evaluate 17 - (0 + -19 - (-2 - 70)).
-36
What is -18 - (24 + (-59 - 10))?
27
Calculate 1 + -7 + -1 + (-37 - -36).
-8
What is -17 - -22 - (0 + 14 - (-4 + 5))?
-8
Calculate (6 - (-10 - -12)) + -9.
-5
-36 - ((1 + -2 - -8) + (67 - 73))
-37
Evaluate -9 + (8 - (12 + -9)).
-4
Calculate 16 + -7 + (22 - 26).
5
What is the value of 10 - (10 + 0 + -2 + (11 - 17))?
8
What is 4 + -3 + (9 - -5) - 2?
13
22 + -18 + 20 - (10 - (1 + 1))
16
What is the value of 8 + (8 - 17) + (-1 - (5 - 10))?
3
6 - ((9 - 28) + 19)
6
What is 14 + 5 + -20 + 14?
13
What is the value of (12 - (-8 - -19)) + -3?
-2
Evaluate -1 + (-3 - 2) + (-4 - 2).
-12
What is (5 - (4 + 3 + -4)) + (17 - 20)?
-1
What is the value of 6 + -21 + (17 - 14)?
-12
What is 0 - 9 - (11 - 12) - -5?
-3
What is -23 - (-12 - ((6 - 10) + -5)) - -8?
-12
Evaluate -15 + (12 - -1) - ((-2 - -1) + 4).
-5
What is the value of 21 - 26 - (-5 + 6 + 6)?
-12
What is -10 + (-5 + 2 + 5 - -20) + 11?
23
What is (29 + -7 - 46) + 23?
-1
What is the value of 16 + -18 + -24 + 25 - (-1 - 25)?
25
Calculate 2 + (-2 + 10 - (-30 + 21)).
19
-6 + (0 - 1) - (-26 - 9 - 3)
31
Calculate -5 + 30 + -25 + (-14 - -31).
17
Calculate (-20 - -22 - (-10 - 0)) + 1 - -9.
22
Calculate -3544 + 3498 - (-8 + 1).
-39
What is -259 + 242 + (10 - -4)?
-3
What is (-13 - (15 - 65)) + -22?
15
Calculate 0 + (6 - -1 - 1) + -9.
-3
Evaluate (6 - 3) + (2 - 3) - 9 - -25.
18
Evaluate 17229 + -17249 + 9 + 0 + (-1 - -2).
-10
-1 + -2 + (7 - 13 - -13) + 5
9
-6 - (42 - 33 - (-1 + 0))
-16
What is the value of 22 + (3 - (0 + (1 - 0))) + -2?
22
What is 11 - (-34 - -21) - 4?
20
What is the value of -2 + 10 + (-3 - (1 + -6 + 1))?
9
Evaluate (0 - (8 + -4)) + 67 + -30 + -2.
31
What is -13 - (-75 - (-26 + -4))?
32
What is (-13 - -3) + (-67 - -67)?
-10
-16 - 1 - (-2 + 2 + -10)
-7
Calculate 96 - 116 - (2 - 0 - 9).
-13
What is the value of 8 - (-3 - (-16 - -10)) - -9?
14
-18 + (-2 - -16) - (-1 - 0)
-3
What is 11 - (4 + -18 + 9 - (-8 + 1))?
9
What is the value of 9 - (-11 + -1 - (13 + -4 + -11))?
19
(-12 - 3) + -2 - (3 + -12)
-8
-2 + 21 - (-8 + 2 - -17)
8
Evaluate 2 - (6 + (8 - 9) + 9).
-12
24 + (3 + 9 - 17 - 2)
17
Evaluate -538 + 564 - (0 - -4).
22
25 + -22 - (-24 + (5 - -2))
20
What is -19 + -16 + 4 + 17?
-14
Evaluate -393 + 353 + (0 - -21).
-19
What is -1 + -5 + 0 + 67 + -70?
-9
What is 2 + -7 + (-3 - -4) + 1 - 20?
-23
What is -14 + 55 + -19 + -17?
5
What is 3 - (-24 + (6 - (12 + -12)))?
21
7 + 9 - 9 - (-12 - -28)
-9
Evaluate -5 + -15 - (-122 - -125 - (9 - -1)).
-13
Calculate 30 + -50 + 13 + (-7 - 0) + -12.
-26
1 + 2 + -3 + (11 - -2) + -4
9
What is -3 - 22 - (-5 - (2 - (1 - 5)))?
-14
What is 33 - 6 - 35 - 12?
-20
1 + -10 + 26 + 11
28
What is the value of 6 + (-10 - 1 - -3) - -12?
10
Evaluate 26 - (8 + -7 - (2 + 1 + -4)).
24
149 + -166 - (-2 + -1 + 20)
-34
-18 - (-1 + -15) - 7
-9
Calculate (13 + -18 - 5) + 14.
4
What is the value of (9 - 4) + -12 - (-1 - -1)?
-7
Evaluate -25 - ((-13 - (9 + -10)) + 2).
-15
Calculate (0 - -4 - -4) + 0 + (8 - 4).
12
Evaluate -22 + (4 - 7) - (1 - (11 + -2)).
-17
What is the value of 25 - (17 + -15 + (-4 - -4) + 0)?
23
What is (-18 - 24) + 23 + 13?
-6
Evaluate -2 + 1 - (-29 - -14).
14
What is the value of 49 + (-40 - -62) + -42?
29
-49 + 7 - (-1 + 0 + -11 - -5)
-35
-17 + 17 + -8 + 15 + -17
-10
What is 0 - (-11 - ((-47 - (-2 - 8)) + 11))?
-15
Calculate -21 + 5 - (-19 - 10).
13
Evaluate 12 + (-4 + -15 - -12).
5
What is the value of 13 + (-4 - (1 + (4 - -14)))?
-10
(-15 - -17) + -2 - (-6 + (4 - 2))
4
-3 + 6 - 14 - (-2 - -1)
-10
Evaluate -7 - (-17 - (-19 + 5)) - (-2 + 20).
-22
What is -20 - (6 + (-11 - -4) + -4)?
-15
3 + (-17 - 6) + -12
-32
Calculate (-20 - (-13 - 7)) + -8.
-8
1 + -8 + (1 - (-54 + 17)) + -3
28
-385 - -404 - (40 - 0)
-21
What is 45 + -38 - (3 + 4 + -2)?
2
What is the value of 1 - (1 + 2 + (25 - 22) + -1)?
-4
(-6 - -10) + -12 + 9 + (-3 - -2)
0
What is -27 + -13 + 15 + 15?
-10
Calculate (-2 - (-4 + 13)) + 5 - (-12 - 12).
18
Calculate 2 - 21 - (-4 + 1 + (-85 - -100)).
-31
-3 + 1 + 5 + (0 - -9)
12
(5 + -17 - -6) + (1 + -2 - -2)
-5
What is 3 + -26 + 12 + 15 - 0?
4
What is 3 + (-6 - 2) + 10 + -15 - -5?
-5
Evaluate 2 - (-2 + -19 - -21 - (0 - -1)).
3
0 + -2 + 4 - 7 - (-4750 - -4752)
-7
What is -1 - (-30 + 0) - (79 - 48 - 22)?
20
What is 4 + -5 - -3 - (-8 + 0 - -25)?
-15
Calculate 23 - (-9 + -4 + 11) - 9.
16
What is the value of 1266 - 1295 - (1 + -22)?
-8
What is the value of -13 - (1 - -17 - 28)?
-3
What is (-2 - (19 + -5 + -5)) + -9 + -10?
-30
What is the value of -20 + 13 + 1 + -3?
-9
What is (64 - 74 - (-1 - 6)) + -1 + -1?
-5
Evaluate (-2 - (-1 + 1 + 0)) + (-1717 - -1715).
-4
Calculate 3 + (15 - (-7 + 23 + -4)).
6
Calculate 0 - (-9 - (17 + (3 - (4 - -3)))).
22
What is the value of -8 + -2 - (9 - 0 - (0 + 9))?
-10
Calculate (-11 - -10) + 3 + 4 + -3 + 9.
12
What is the value of 5 + (0 - 4) + 3 + (-5 - 27)?
-28
5 + (-11 - (0 + (11 - 28)))
11
124 + -116 - (1 + (-3 - 0) + 20)
-10
What is the value of 1346 - 1362 - (-10 + -1)?
-5
Evaluate 6 - (2 - -8 - (23 + 0 + -18)).
1
Calculate 16 - (13 + -3 + 0 - (12 - -1)).
19
Calculate 96 + -108 + (3 + -6 - -40).
25
What is (-6 - -21) + -2 + -12 + 4?
5
Evaluate (5 - 3) + -17 - (-7 + 7 - 6).
-9
Evaluate -31 - (-6 + -6 + 9 + -10).
-18
What is the value of 1 + -8 + -85 + 90?
-2
Evaluate 1 + 20 + (0 - (-9 - (-5 - 9))).
16
What is 1 + 22 + -30 + (-1 - -4) - 21?
-25
Calculate (5 - -2) + 4 + (-17 - (7 - 19)).
6
What is the value of (-12 - -19 - -1) + 0?
8
What is 8 - ((-208 - -218) + (-10 - -1))?
7
29 + 6 - 22 - -12
25
Evaluate -5 - (-2 - (-12 + 1)).
-14
Evaluate 0 - -3 - (-35 - -1 - (141 + -153)).
25
-28 + 42 + -19 + -8
-13
14 + -15 + 14 - 5
8
Calculate 2 + (11 - 0) - (24 + -37).
26
What is the value of 6 - (11 + -14) - (0 - 1 - -7)?
3
Evaluate (-5 + 4 - 2) + 16 + 19 + -31.
1
Evaluate (4 - 1 - 3 - 12) + -6.
-18
What is the value of -6 - (-3 - ((-2 - 9) + -21 + 24))?
-11
Calculate (2 - 4) + 13 - (-20 + -4 + 37).
-2
Calculate (-17 - -12 - -9) + 9.
13
Calculate -96 + 93 - (-1 + (5 - 3) + -2).
-2